8, 12 = 2*d - r*t. Let s = -17 + 34. What is the remainder when s is divided by d?
5
Suppose 4*p - 54 = -n, -2*n - 9 = -p - 0*n. Suppose -2*c + 49 = 3. What is the remainder when c is divided by p?
10
Let s(q) = -7*q**2 + 5*q - 18. Let b(w) = -6*w**2 + 6*w - 17. Let j(k) = 6*b(k) - 5*s(k). Calculate the remainder when 22 is divided by j(9).
4
Let a(x) = 3*x**3 + 11*x - 6 + 7*x**2 - 4 - 2*x**3 - 2*x**3. Calculate the remainder when 41 is divided by a(8).
13
Suppose 5 = -n, -4*j - 3*n = -234 + 41. Calculate the remainder when j is divided by 9.
7
Let m be 7 + 2 - (4 + 0). Suppose -m*z + 172 + 63 = 0. Calculate the remainder when z is divided by 16.
15
Suppose 0 = -4*r - 2*i - 3*i + 41, 5 = r - 4*i. What is the remainder when r is divided by 5?
4
Suppose 5*d = -f + 6*f + 165, 5*f = -5*d + 215. Calculate the remainder when d is divided by 10.
8
Let i be (3 + -47)*(-1 - 0). Suppose 2*b - 5*a = -2*b + 65, 3*b - i = -a. Calculate the remainder when b is divided by 4.
3
Suppose -4*j + 15 = -j. Suppose 7 = 6*p - j*p. Calculate the remainder when 2/(-4) + 54/4 is divided by p.
6
Let q = -3 - -3. Suppose q = -j - 3*j + 52. What is the remainder when j is divided by 5?
3
Suppose 3*d + 5*o - 77 = 0, o = -d + 2 + 21. Suppose -11 = -3*l + 2*l - 4*f, l = -f + 8. What is the remainder when d is divided by l?
5
Let a(m) = 2*m**2 - 7*m + 10. Let i = -19 + 29. Calculate the remainder when a(7) is divided by i.
9
Let v = -3 + 3. Suppose v = -k + 2*n + 12, -k - 3*k + 58 = -3*n. Calculate the remainder when 47 is divided by k.
15
Let v = 18 - 7. Calculate the remainder when 23 is divided by (-1 + v - -1) + 1.
11
Suppose 0 = -0*k - 2*k + 18. Calculate the remainder when k is divided by 5.
4
Let q = 4 + -5. Let l be -1 - (2 - (q - -6)). Suppose -l*u = -0*u - 40. Calculate the remainder when 59 is divided by u.
19
Let r(g) = -2*g - 2. Let u be r(-3). Suppose -l - 4*j = -8, l + l - u*j - 52 = 0. What is the remainder when 57 is divided by l?
17
Let k be 0*(1 + (0 - 0)). Suppose -3*l + j + 7 = 0, 0 = -3*l + 3*j - k*j + 3. Let w = -18 + 26. What is the remainder when w is divided by l?
2
Suppose x = -x + 16. What is the remainder when 20 is divided by x?
4
Let z(a) = a**3 - 3*a + 1. Let x(w) = w**3 + 5*w**2 - w + 5. Calculate the remainder when x(-5) is divided by z(2).
1
Suppose 4*a = -0*a + 2*r + 6, -a - 2*r = -4. Suppose a = o - 3. Suppose 4 = 4*d + 4*y, -d - 2*y = 2*y + o. Calculate the remainder when 7 is divided by d.
1
Let z = 43 + -24. What is the remainder when z is divided by 10?
9
Let x(c) = 8*c - 4. What is the remainder when 77 is divided by x(3)?
17
Let a(u) = -u + 6. Let k = -9 + 15. Calculate the remainder when a(-5) is divided by k.
5
Let s(r) = r**3 - 12*r**2 + 13*r + 4. What is the remainder when s(11) is divided by 14?
12
Let p(k) = k**2 - 8*k + 16. What is the remainder when p(8) is divided by (-2)/(-2 + 48/27)?
7
Let b(a) = -a**2 - 5*a + 2. Let f = -38 - -45. What is the remainder when f is divided by b(-5)?
1
Suppose -50 = -2*d + 2. Let g = -14 + d. Calculate the remainder when 22 is divided by g.
10
Let k(u) be the third derivative of -u**6/120 + u**5/12 - u**4/8 - u**3/6 + 2*u**2. Let p be k(4). What is the remainder when p/(-9) + 164/6 is divided by 14?
13
Let o = 6 - 19. Let q = o + 20. Calculate the remainder when q is divided by 2.
1
Let l(h) = 2*h**2 - 13*h. What is the remainder when l(9) is divided by 24?
21
Let j(u) = u**3 + 4*u**2 + 5. Let f be j(-4). Suppose 2 = 2*w - t, f*w = -t - 12 + 3. What is the remainder when 20 is divided by w*(-1)/(-2)*-14?
6
Calculate the remainder when (-1419)/(-44) + -1*(-2)/(-8) is divided by 11.
10
Suppose 0 = -5*m + 131 - 11. What is the remainder when 69 is divided by m?
21
Let r(u) = u - 9. Let i be r(11). Suppose -7*g + 2*g + 27 = 2*q, 3*g + i*q = 17. Calculate the remainder when 9 is divided by g.
4
Let o(p) = -p**3 + p**2 + p + 26. Let i be 9/6*80/6. Suppose -i = -4*x - c + 32, -2*x = 5*c - 8. What is the remainder when o(0) is divided by x?
12
Suppose 2*t = 27 - 7. Suppose -d - 152 = -5*d. Calculate the remainder when d is divided by t.
8
Let t = 4 + 37. Calculate the remainder when t is divided by (-7)/4*(-9 - -1).
13
Let n = 21 - 12. Calculate the remainder when -10*(64/20)/(-2) is divided by n.
7
Let m = -17 + 33. Suppose 5*n = 3*p - 92, 147 = 2*p + 3*p - 2*n. What is the remainder when p is divided by m?
13
Suppose 0 = 5*t - 2*m - 21 - 78, 0 = -t + 3*m + 12. Calculate the remainder when t is divided by 13.
8
Let r be (48/(-14))/(10/(-70)). Suppose -2*p + 58 = -r. What is the remainder when p is divided by 21?
20
Let s = -6 + 11. Let t be (-2)/s - (-22)/5. What is the remainder when 2/t*48/1 is divided by 13?
11
Let n(j) = j**2 + 6*j + 12. Calculate the remainder when n(6) is divided by 29.
26
Let u = 1 + 1. Suppose -u*g + 320 = 2*g. Suppose p + 4*p - g = 0. What is the remainder when p is divided by 6?
4
Suppose 0 = -0*c + c - 23. Suppose g + 0 - 3 = 0. Suppose -g*y = -0*d - d + 2, -5*d + 2*y = -c. Calculate the remainder when 8 is divided by d.
3
Let s(g) = 149*g**2 - g. What is the remainder when s(1) is divided by 38?
34
Let j(f) = f**3 + f**2 + f + 49. Let p be (1*-2)/(-2)*0. Suppose -5*q + 4*b + 77 = 2*b, q = -2*b + 25. What is the remainder when j(p) is divided by q?
15
Suppose 0 = -6*h + 2*h + s + 300, 3*h = 4*s + 238. What is the remainder when h is divided by 25?
24
Suppose 4*t = -2*x + 6*x - 704, 709 = 4*x + t. Suppose -x = -0*d - 3*d. Calculate the remainder when d is divided by 15.
14
Suppose d = -4*l + 128, 3*l + 258 + 290 = 5*d. Calculate the remainder when d is divided by 39.
34
Let y be (-14)/(-3) - (-4)/12. Suppose -4*k - 2*q + 98 = -3*q, y*k + 2*q = 116. What is the remainder when k is divided by (1/2)/(7/126)?
6
Suppose -s + 6*s + x - 3 = 0, 0 = s - 4*x - 9. Suppose 11 = a - s. Calculate the remainder when 33 is divided by a.
9
What is the remainder when -2*(-1)/6*9 is divided by 1/3 - 8/(-12)?
0
Suppose 3*u - 7*j + 2*j + 2 = 0, 4*u - j + 31 = 0. Let l = u - -20. What is the remainder when 21 is divided by l?
10
Suppose -3*i - 2*x - 2*x = -22, -22 = -i - 5*x. Let j(y) = y**2 - 2 + y**2 + 5*y - 4*y**i - y**3. Calculate the remainder when 19 is divided by j(-4).
9
Let g be (1/(-1))/(2/(-50)). Let d = 17 - g. Let y = d + 16. Calculate the remainder when 14 is divided by y.
6
Let x(u) = -u**3 + 4*u**2 + u - 2. Let b be (-350)/6 - (-3)/9. Calculate the remainder when (-1 - 1/(-2))*b is divided by x(3).
9
Let t(p) = p**3 - p**2 + p + 4. Suppose 1 = -3*a + m + 4, 0 = 5*a + 3*m + 9. What is the remainder when 10 is divided by t(a)?
2
Let f = -91 + 129. Let u(m) = m**3 - 9*m**2 + 3*m - 3. What is the remainder when u(9) is divided by (-9)/(-27) - f/(-3)?
11
Let n = -3 + 21. Calculate the remainder when n is divided by 5.
3
Suppose -78*o + 111 = -75*o. What is the remainder when 107 is divided by o?
33
Suppose 13*x - 12*x = 33. Calculate the remainder when 96 is divided by x.
30
Suppose 2*n + n + 117 = 3*b, 0 = 3*b + 3*n - 99. Calculate the remainder when 141 is divided by b.
33
Let o = 21 - 5. Let y = 22 + 8. Calculate the remainder when y is divided by o.
14
Suppose -3*r - y + 71 = 0, r = -0*r - 4*y + 9. Calculate the remainder when 48 is divided by r.
23
Suppose 7*r - 6*r - 37 = 0. What is the remainder when r is divided by 8?
5
Suppose 6*r = 9*r - 51. What is the remainder when 30 is divided by r?
13
Let n(r) = -11*r**2 - 2*r - 1. Let t be n(-1). Let w = t - -19. Calculate the remainder when 26 is divided by w.
8
Let k(y) = 35*y + 3. Let j be k(3). Let t = -76 + j. Suppose 15 + 18 = 3*p. Calculate the remainder when t is divided by p.
10
Let b be ((-3)/(-6))/((-1)/(-2)). Let p(z) = 10*z**3 - 2*z + 1. What is the remainder when 34 is divided by p(b)?
7
Suppose 5*y = -3*i + 84, 3*y + 0*i + 4*i - 46 = 0. What is the remainder when 33 is divided by y?
15
Suppose 3*w = -o + 10, 2*w + 5*o = -16 + 1. Calculate the remainder when 14 is divided by w.
4
Suppose 5*j - 71 - 14 = 0. Calculate the remainder when (-2)/(-14) + (3 - (-440)/7) is divided by j.
15
Let k = 40 - 15. What is the remainder when 72 is divided by k?
22
Let s(o) = 30*o + 7. Let v be s(5). Suppose -4*x + v = 37. Let n = 66 - x. What is the remainder when n is divided by 19?
17
Suppose 5*i - 2*r - 9 = 118, -2*i = -5*r - 34